{"id":1519,"date":"2025-01-29T11:39:46","date_gmt":"2025-01-29T11:39:46","guid":{"rendered":"https:\/\/gsh-kurse.de\/?page_id=1519"},"modified":"2025-01-29T11:39:46","modified_gmt":"2025-01-29T11:39:46","slug":"lernfoerderung","status":"publish","type":"page","link":"https:\/\/gsh-kurse.de\/?page_id=1519","title":{"rendered":"Lernf\u00f6rderung"},"content":{"rendered":"<p>Bitte verwenden Sie das aufklappende Men\u00fc, um im Bereich der Lernf\u00f6rderung zu navigieren.<\/p>\n","protected":false},"excerpt":{"rendered":"<p>Bitte verwenden Sie das aufklappende Men\u00fc, um im Bereich der Lernf\u00f6rderung zu navigieren.<\/p>\n","protected":false},"author":1,"featured_media":0,"parent":0,"menu_order":0,"comment_status":"closed","ping_status":"closed","template":"","meta":{"footnotes":""},"class_list":["post-1519","page","type-page","status-publish","czr-hentry"],"_links":{"self":[{"href":"https:\/\/gsh-kurse.de\/index.php?rest_route=\/wp\/v2\/pages\/1519","targetHints":{"allow":["GET"]}}],"collection":[{"href":"https:\/\/gsh-kurse.de\/index.php?rest_route=\/wp\/v2\/pages"}],"about":[{"href":"https:\/\/gsh-kurse.de\/index.php?rest_route=\/wp\/v2\/types\/page"}],"author":[{"embeddable":true,"href":"https:\/\/gsh-kurse.de\/index.php?rest_route=\/wp\/v2\/users\/1"}],"replies":[{"embeddable":true,"href":"https:\/\/gsh-kurse.de\/index.php?rest_route=%2Fwp%2Fv2%2Fcomments&post=1519"}],"version-history":[{"count":1,"href":"https:\/\/gsh-kurse.de\/index.php?rest_route=\/wp\/v2\/pages\/1519\/revisions"}],"predecessor-version":[{"id":1520,"href":"https:\/\/gsh-kurse.de\/index.php?rest_route=\/wp\/v2\/pages\/1519\/revisions\/1520"}],"wp:attachment":[{"href":"https:\/\/gsh-kurse.de\/index.php?rest_route=%2Fwp%2Fv2%2Fmedia&parent=1519"}],"curies":[{"name":"wp","href":"https:\/\/api.w.org\/{rel}","templated":true}]}}